45568 a multiple of 16?
True
Is 1133895 a multiple of 15?
True
Is 4515558 a multiple of 68?
False
Is 42015 a multiple of 37?
False
Is 28 a factor of 6115517?
False
Does 52 divide 3680040?
True
Does 3 divide 2343095?
False
Is 2934843 a multiple of 3?
True
Is 59269 a multiple of 210?
False
Is 186463 a multiple of 333?
False
Does 10 divide 7287630?
True
Does 109 divide 134347?
False
Is 22 a factor of 2159388?
True
Is 128 a factor of 122922?
False
Is 177315 a multiple of 22?
False
Does 13 divide 302367?
True
Does 5 divide 135209?
False
Is 8413054 a multiple of 33?
False
Does 121 divide 1781120?
True
Does 132 divide 3784968?
True
Is 96401 a multiple of 13?
False
Is 13 a factor of 75232?
False
Is 211060 a multiple of 5?
True
Is 510 a factor of 8899866?
False
Does 681 divide 7576806?
True
Is 4 a factor of 1654047?
False
Is 527 a factor of 6617012?
True
Is 14 a factor of 700118?
False
Does 52 divide 5566808?
True
Does 704 divide 742016?
True
Is 4342620 a multiple of 471?
True
Is 97211 a multiple of 41?
True
Does 23 divide 79091?
False
Is 543 a factor of 4312506?
True
Is 4 a factor of 69674?
False
Is 246 a factor of 3296400?
True
Is 64827 a multiple of 20?
False
Is 566 a factor of 214599?
False
Does 272 divide 104992?
True
Does 54 divide 98010?
True
Does 60 divide 3480?
True
Does 241 divide 13192099?
True
Does 329 divide 1214473?
False
Is 497385 a multiple of 15?
True
Is 254 a factor of 2591562?
True
Is 210 a factor of 270314?
False
Is 504991 a multiple of 30?
False
Does 79 divide 711162?
False
Is 3 a factor of 20703?
True
Is 75 a factor of 483927?
False
Is 7 a factor of 30182?
False
Is 2403884 a multiple of 87?
False
Is 30 a factor of 9244?
False
Is 576 a factor of 15591168?
True
Is 7 a factor of 306173?
True
Is 15 a factor of 4740?
True
Is 21 a factor of 175154?
False
Is 33 a factor of 1926005?
False
Does 74 divide 136160?
True
Is 54 a factor of 2303501?
False
Is 22 a factor of 5088710?
True
Is 1142 a factor of 2122978?
True
Is 334 a factor of 107214?
True
Is 6118 a multiple of 46?
True
Does 18 divide 1017378?
True
Is 301 a factor of 16000859?
True
Is 12 a factor of 584736?
True
Is 9 a factor of 127125?
True
Is 61 a factor of 114945?
False
Is 301992 a multiple of 12?
True
Is 24 a factor of 159113?
False
Is 13055758 a multiple of 146?
True
Is 136613 a multiple of 734?
False
Is 168304 a multiple of 67?
True
Is 36 a factor of 1967016?
False
Is 4848406 a multiple of 212?
False
Is 933906 a multiple of 93?
True
Is 37723 a multiple of 9?
False
Does 438 divide 1280065?
False
Is 17376 a multiple of 8?
True
Is 35575 a multiple of 25?
True
Does 22 divide 67166?
True
Is 149 a factor of 263432?
True
Is 18252 a multiple of 169?
True
Is 1872244 a multiple of 68?
True
Is 910 a factor of 104714?
False
Is 63 a factor of 71820?
True
Is 335 a factor of 6860778?
False
Does 53 divide 43589?
False
Does 20 divide 17659?
False
Is 14 a factor of 22770?
False
Is 10 a factor of 279543?
False
Does 12 divide 652668?
True
Is 62 a factor of 8777?
False
Does 119 divide 1205225?
False
Is 209 a factor of 361570?
True
Does 562 divide 1895626?
True
Is 512 a factor of 189440?
True
Is 41 a factor of 1098573?
False
Is 86714 a multiple of 140?
False
Does 21 divide 5955193?
False
Is 2599731 a multiple of 1160?
False
Is 9627 a multiple of 13?
False
Is 2852712 a multiple of 18?
True
Does 795 divide 6251880?
True
Is 13914432 a multiple of 68?
True
Is 520752 a multiple of 7?
False
Is 217 a factor of 968905?
True
Is 38 a factor of 317186?
True
Is 34931 a multiple of 4?
False
Does 356 divide 9968?
True
Does 13 divide 96514?
False
Is 3398546 a multiple of 9?
False
Does 882 divide 1776348?
True
Is 548 a factor of 4129180?
True
Is 6783 a multiple of 7?
True
Is 885540 a multiple of 6?
True
Is 168192 a multiple of 192?
True
Does 142 divide 5950149?
False
Is 67 a factor of 253260?
True
Is 2733660 a multiple of 30?
True
Is 7 a factor of 15547?
True
Does 36 divide 6383808?
True
Does 308 divide 1771308?
True
Does 219 divide 277662?
False
Is 88 a factor of 118882?
False
Is 28 a factor of 624632?
False
Is 189276 a multiple of 12?
True
Is 346290 a multiple of 15?
True
Is 95 a factor of 70965?
True
Does 3 divide 773820?
True
Does 5 divide 863130?
True
Is 111 a factor of 29919635?
False
Is 62325 a multiple of 27?
False
Is 83 a factor of 315383?
False
Does 31 divide 402284?
False
Is 1237036 a multiple of 997?
False
Does 609 divide 4013785?
False
Is 22 a factor of 238480?
True
Does 3 divide 6078?
True
Does 19 divide 1145054?
True
Does 1019 divide 1484306?
False
Does 56 divide 8686552?
True
Does 400 divide 3448000?
True
Does 20 divide 187486?
False
Does 53 divide 368931?
False
Does 65 divide 993716?
False
Does 54 divide 74304?
True
Is 2070161 even?
False
Does 2 divide 32630?
True
Is 133893 a multiple of 19?
True
Does 6 divide 640871?
False
Is 379 a factor of 5052828?
True
Is 5095104 a multiple of 669?
True
Does 42 divide 2460318?
True
Does 17 divide 11367907?
False
Does 346 divide 514848?
True
Is 162550 a multiple of 30?
False
Is 521 a factor of 335003?
True
Does 83 divide 7853211?
True
Is 428 a factor of 15836?
True
Is 1416 a factor of 515424?
True
Is 94 a factor of 1463016?
True
Is 9 a factor of 51395?
False
Is 377796 a multiple of 114?
True
Is 184 a factor of 565302?
False
Is 7454361 a multiple of 71?
True
Is 110870 a multiple of 26?
False
Does 46 divide 305164?
True
Does 136 divide 7123650?
False
Is 20592498 a multiple of 15?
False
Is 417795 a multiple of 75?
False
Is 172 a factor of 457864?
True
Is 40 a factor of 270009?
False
Is 140 a factor of 5716169?
False
Does 5 divide 358780?
True
Is 26936 a multiple of 26?
True
Is 6 a factor of 688819?
False
Is 15 a factor of 2238076?
False
Is 4 a factor of 301527?
False
Is 23 a factor of 883560?
False
Is 222400 a multiple of 8?
True
Is 19 a factor of 117863?
False
Does 150 divide 44892?
False
Is 7 a factor of 165857?
False
Is 2 a factor of 29133?
False
Is 290655 a multiple of 16?
False
Is 128 a factor of 20116736?
True
Is 875742 a multiple of 6?
True
Does 195 divide 2634840?
True
Is 7 a factor of 28686?
True
Is 42444 a multiple of 131?
True
Does 7 divide 337021?
False
Does 519 divide 1784841?
True
Is 30 a factor of 1150170?
True
Is 159811 a multiple of 21?
False
Is 396 a factor of 826056?
True
Is 56 a factor of 2374680?
True
Is 98 a factor of 130732?
True
Does 85 divide 5563614?
False
Is 1365546 a multiple of 121?
False
Is 106682 a multiple of 41?
True
Is 97 a factor of 1196301?
True
Is 664159 a multiple of 13?
False
Is 18 a factor of 1306962?
True
Does 22 divide 277829?
False
Is 261 a factor of 474344?
False
Is 11827827 a multiple of 333?
True
Does 129 divide 70821?
True
Does 106 divide 623993?
False
Does 122 divide 4810318?
False
Is 187 a factor of 385563?
False
Is 23735748 a multiple of 21?
False
Does 5 divide 1481450?
True
Is 3080890 a multiple of 106?
True
Does 20 divide 171300?
True
Does 22 divide 2967844?
True
Does 829 divide 3648689?
False
Is 502355 a multiple of 31?
True
Is 1857030 a multiple of 37?
True
Is 8 a factor of 25824?
True
Is 796587 a multiple of 694?
False
Does 8 divide 1432283?
False
Is 147870 a multiple of 9?
True
Is 805756 a multiple of 13?
False
Is 231180 a multiple of 14?
False
Is 21523 a multiple of 11?
False
Does 26 divide 37189?
False
Is 77 a factor of 461923?
True
Is 457 a factor of 932280?
True
Is 16 a factor of 4756873?
False
Does 4 divide 12?
True
Is 132982 a multiple of 199?
False
Is 79 a factor of 5446892?
True
Is 325 a factor of 1290765?
False
Does 41 divide 563161?
False
Does 10 divide 59135?
False
Does 84 divide 5781384?
True
Is 74351 a multiple of 133?
False
Does 15 divide 491685?
True
Is 51 a factor of 134111?
False
Is 808 a factor of 21380308?
False
Is 4 a factor of 776393?
False
Does 89 divide 752584?
True
Does 16 divide 35122?
False
Does 21 divide 358239?
True
Is 548 a factor of 1025308?
True
Does 15 divide 13307025?
True
Does 3 divide 1350?
True
Is 3 a factor of 722225?
False
Is 143268 a multiple of 30?
False
Is 36829 a multiple of 13?
True
Does 79 divide 292688?
False
Is 1387 a multiple of 3?
False
Does 16 divide 4154976?
True
Does 484 divide 250228?
True
Does 16 divide 1981472?
True
Is 14 a factor of 469129?
False
Is 1005 a factor of 35175?
True
Is 208 a factor of 84196?
False
Does 175 divide 2385775?
True
Does 106 div